vided by 78?
29
What is the remainder when 725 is divided by 56?
53
Calculate the remainder when 174 is divided by 36.
30
Calculate the remainder when 165 is divided by 27.
3
What is the remainder when 1835 is divided by 51?
50
Calculate the remainder when 712 is divided by 11.
8
What is the remainder when 913 is divided by 187?
165
What is the remainder when 2110 is divided by 12?
10
Calculate the remainder when 1435 is divided by 467.
34
What is the remainder when 180 is divided by 72?
36
What is the remainder when 945 is divided by 168?
105
What is the remainder when 232 is divided by 59?
55
What is the remainder when 800 is divided by 161?
156
Calculate the remainder when 107 is divided by 28.
23
Calculate the remainder when 401 is divided by 13.
11
What is the remainder when 94 is divided by 29?
7
Calculate the remainder when 125 is divided by 22.
15
Calculate the remainder when 3551 is divided by 148.
147
What is the remainder when 471 is divided by 5?
1
Calculate the remainder when 351 is divided by 32.
31
Calculate the remainder when 159 is divided by 66.
27
Calculate the remainder when 17623 is divided by 289.
283
What is the remainder when 206 is divided by 106?
100
What is the remainder when 452 is divided by 3?
2
Calculate the remainder when 144 is divided by 55.
34
Calculate the remainder when 797 is divided by 40.
37
What is the remainder when 127 is divided by 44?
39
What is the remainder when 316 is divided by 53?
51
What is the remainder when 171 is divided by 26?
15
What is the remainder when 460 is divided by 21?
19
What is the remainder when 287 is divided by 53?
22
Calculate the remainder when 365 is divided by 16.
13
Calculate the remainder when 1227 is divided by 122.
7
What is the remainder when 354 is divided by 119?
116
What is the remainder when 30 is divided by 14?
2
What is the remainder when 281 is divided by 46?
5
What is the remainder when 460 is divided by 47?
37
What is the remainder when 438 is divided by 21?
18
Calculate the remainder when 23 is divided by 22.
1
Calculate the remainder when 515 is divided by 10.
5
What is the remainder when 4241 is divided by 59?
52
Calculate the remainder when 258 is divided by 65.
63
Calculate the remainder when 24 is divided by 7.
3
What is the remainder when 166 is divided by 80?
6
What is the remainder when 317 is divided by 63?
2
Calculate the remainder when 605 is divided by 76.
73
What is the remainder when 226 is divided by 163?
63
What is the remainder when 639 is divided by 14?
9
Calculate the remainder when 5060 is divided by 34.
28
Calculate the remainder when 152 is divided by 52.
48
What is the remainder when 271 is divided by 46?
41
Calculate the remainder when 1132 is divided by 75.
7
Calculate the remainder when 1832 is divided by 130.
12
What is the remainder when 1049 is divided by 180?
149
Calculate the remainder when 72 is divided by 29.
14
Calculate the remainder when 1287 is divided by 642.
3
What is the remainder when 929 is divided by 456?
17
What is the remainder when 788 is divided by 255?
23
Calculate the remainder when 471 is divided by 90.
21
Calculate the remainder when 60 is divided by 22.
16
Calculate the remainder when 254 is divided by 74.
32
What is the remainder when 3667 is divided by 35?
27
Calculate the remainder when 139 is divided by 10.
9
Calculate the remainder when 199 is divided by 3.
1
What is the remainder when 647 is divided by 81?
80
Calculate the remainder when 336 is divided by 51.
30
What is the remainder when 166 is divided by 47?
25
Calculate the remainder when 106 is divided by 30.
16
Calculate the remainder when 3545 is divided by 169.
165
What is the remainder when 294 is divided by 72?
6
Calculate the remainder when 2740 is divided by 15.
10
What is the remainder when 162 is divided by 11?
8
Calculate the remainder when 738 is divided by 241.
15
Calculate the remainder when 164 is divided by 35.
24
Calculate the remainder when 269 is divided by 97.
75
Calculate the remainder when 467 is divided by 171.
125
What is the remainder when 3079 is divided by 154?
153
What is the remainder when 414 is divided by 125?
39
What is the remainder when 519 is divided by 82?
27
Calculate the remainder when 449 is divided by 113.
110
What is the remainder when 575 is divided by 575?
0
What is the remainder when 16711 is divided by 61?
58
What is the remainder when 337 is divided by 49?
43
Calculate the remainder when 1667 is divided by 1647.
20
Calculate the remainder when 430 is divided by 213.
4
Calculate the remainder when 1057 is divided by 356.
345
Calculate the remainder when 559 is divided by 92.
7
Calculate the remainder when 694 is divided by 308.
78
Calculate the remainder when 102 is divided by 57.
45
What is the remainder when 228 is divided by 51?
24
Calculate the remainder when 4010 is divided by 118.
116
What is the remainder when 880 is divided by 180?
160
Calculate the remainder when 92 is divided by 55.
37
What is the remainder when 229 is divided by 58?
55
Calculate the remainder when 1438 is divided by 18.
16
What is the remainder when 7622 is divided by 121?
120
What is the remainder when 484 is divided by 120?
4
What is the remainder when 59 is divided by 56?
3
Calculate the remainder when 1138 is divided by 20.
18
Calculate the remainder when 200 is divided by 49.
4
Calculate the remainder when 54 is divided by 42.
12
Calculate the remainder when 947 is divided by 50.
47
What is the remainder when 17 is divided by 4?
1
Calculate the remainder when 1426 is divided by 21.
19
Calculate the remainder when 50947 is divided by 111.
109
What is the remainder when 254 is divided by 86?
82
What is the remainder when 514 is divided by 47?
44
What is the remainder when 511 is divided by 185?
141
What is the remainder when 636 is divided by 64?
60
Calculate the remainder when 264 is divided by 55.
44
Calculate the remainder when 100 is divided by 51.
49
What is the remainder when 1726 is divided by 19?
16
Calculate the remainder when 192 is divided by 48.
0
Calculate the remainder when 950 is divided by 119.
117
What is the remainder when 6748 is divided by 90?
88
What is the remainder when 19 is divided by 12?
7
What is the remainder when 303 is divided by 17?
14
What is the remainder when 710 is divided by 114?
26
What is the remainder when 1998 is divided by 284?
10
Calculate the remainder when 140 is divided by 61.
18
What is the remainder when 601 is divided by 14?
13
What is the remainder when 1041 is divided by 172?
9
What is the remainder when 280 is divided by 91?
7
What is the remainder when 159 is divided by 40?
39
Calculate the remainder when 657 is divided by 67.
54
What is the remainder when 41 is divided by 2?
1
Calculate the remainder when 24 is divided by 16.
8
What is the remainder when 165 is divided by 13?
9
Calculate the remainder when 480 is divided by 96.
0
What is the remainder when 178 is divided by 75?
28
What is the remainder when 552 is divided by 198?
156
What is the remainder when 690 is divided by 33?
30
Calculate the remainder when 950 is divided by 119.
117
Calculate the remainder when 926 is divided by 53.
25
Calculate the remainder when 146 is divided by 69.
8
What is the remainder when 1744 is divided by 97?
95
What is the remainder when 741 is divided by 259?
223
Calculate the remainder when 933 is divided by 93.
3
Calculate the remainder when 325 is divided by 99.
28
What is the remainder when 120 is divided by 33?
21
Calculate the remainder when 144 is divided by 94.
50
What is the remainder when 211 is divided by 43?
39
Calculate the remainder when 399 is divided by 20.
19
What is the remainder when 2445 is divided by 225?
195
What is the remainder when 1556 is divided by 763?
30
Calculate the remainder when 34 is divided by 7.
6
Calculate the remainder when 496 is divided by 7.
6
What is the remainder when 1133 is divided by 9?
8
What is the remainder when 975 is divided by 191?
20
What is the remainder when 417 is divided by 105?
102
What is the remainder when 1043 is divided by 36?
35
What is the remainder when 968 is divided by 36?
32
What is the remainder when 1802 is divided by 253?
31
Calculate the remainder when 1126 is divided by 1119.
7
Calculate the remainder when 1